e of 10?
True
Does 28 divide 683414?
False
Is 9904160 a multiple of 140?
True
Is 254137 a multiple of 50?
False
Is 4 a factor of 1039290?
False
Is 515 a factor of 607700?
True
Is 302304 a multiple of 181?
False
Is 224 a factor of 15500352?
True
Is 294993 a multiple of 449?
True
Is 29 a factor of 225129?
False
Does 166 divide 129063?
False
Does 62 divide 818834?
True
Is 85424 a multiple of 16?
True
Does 17 divide 181115?
False
Is 4257552 a multiple of 104?
True
Does 2 divide 13061?
False
Is 12 a factor of 365873?
False
Does 155 divide 2698622?
False
Is 473 a factor of 633820?
True
Is 413166 a multiple of 6?
True
Is 228539 a multiple of 19?
False
Is 5 a factor of 149380?
True
Does 272 divide 1598272?
True
Is 44872 a multiple of 115?
False
Is 32740 a multiple of 10?
True
Is 4 a factor of 12533?
False
Is 3 a factor of 2892?
True
Does 88 divide 213488?
True
Does 66 divide 77565?
False
Is 134907 a multiple of 115?
False
Does 99 divide 395901?
True
Is 10539595 a multiple of 116?
False
Does 9 divide 243707?
False
Is 1111797 a multiple of 25?
False
Does 572 divide 1782192?
False
Does 13 divide 151281?
True
Is 220 a factor of 275750?
False
Does 1557 divide 5692328?
False
Does 799 divide 2257974?
True
Is 12292308 a multiple of 116?
False
Is 1198134 a multiple of 518?
True
Does 560 divide 1661568?
False
Does 48 divide 25632?
True
Does 505 divide 1354370?
False
Is 508391 a multiple of 13?
True
Is 22 a factor of 3218490?
True
Is 625 a factor of 6226250?
True
Is 134 a factor of 12608351?
False
Is 85 a factor of 452200?
True
Is 2 a factor of 305032?
True
Is 55 a factor of 12805045?
True
Is 197852 a multiple of 28?
False
Is 27 a factor of 240165?
True
Is 7374146 a multiple of 12?
False
Is 91 a factor of 53125?
False
Is 96934 a multiple of 17?
True
Does 19 divide 307314?
False
Is 355536 a multiple of 16?
True
Is 45 a factor of 1388700?
True
Is 92 a factor of 16276?
False
Is 679142 a multiple of 149?
True
Is 371 a factor of 138984?
False
Does 308 divide 856535?
False
Does 21 divide 52675?
False
Does 75 divide 99115?
False
Is 4799036 a multiple of 1276?
True
Does 16 divide 296672?
True
Does 1532 divide 6336352?
True
Does 22 divide 266926?
True
Is 1464533 a multiple of 397?
True
Is 7 a factor of 143514?
True
Is 13 a factor of 566639?
False
Is 64124 a multiple of 164?
True
Is 235857 a multiple of 251?
False
Is 4 a factor of 1758020?
True
Is 870 a factor of 3360241?
False
Is 216 a factor of 8373888?
True
Is 292 a factor of 7171682?
False
Is 459713 a multiple of 73?
False
Does 182 divide 70075?
False
Is 673074 a multiple of 122?
True
Is 4405104 a multiple of 176?
True
Does 852 divide 4642930?
False
Is 178 a factor of 358697?
False
Is 82949 a multiple of 3?
False
Does 14 divide 576298?
False
Is 93505 a multiple of 340?
False
Does 256 divide 155888?
False
Does 167 divide 47428?
True
Does 172 divide 1274644?
False
Is 43 a factor of 7174593?
True
Does 35 divide 47285?
True
Does 325 divide 956800?
True
Is 107782 a multiple of 18?
False
Is 488 a factor of 113216?
True
Is 232740 a multiple of 6?
True
Is 1319765 a multiple of 177?
False
Is 15 a factor of 12264?
False
Is 88 a factor of 1137928?
True
Does 8 divide 993888?
True
Is 36 a factor of 228348?
True
Is 192291 a multiple of 26?
False
Is 1684844 a multiple of 266?
True
Is 544 a factor of 5339669?
False
Is 401350 a multiple of 538?
False
Is 164 a factor of 16653216?
True
Does 115 divide 574741?
False
Does 45 divide 76762?
False
Is 55 a factor of 85147?
False
Is 10374 a multiple of 13?
True
Is 16750 a multiple of 125?
True
Is 21 a factor of 881311?
False
Does 11 divide 552180?
False
Is 155 a factor of 83988?
False
Is 16604442 a multiple of 1786?
True
Is 12 a factor of 17521442?
False
Does 1597 divide 5493680?
True
Does 328 divide 745216?
True
Is 533355 a multiple of 93?
True
Does 383 divide 206707?
False
Is 1523373 a multiple of 745?
False
Is 1096203 a multiple of 54?
False
Does 19 divide 136496?
True
Is 443530 a multiple of 78?
False
Does 463 divide 14264248?
False
Does 51 divide 24517434?
True
Is 8 a factor of 728659?
False
Is 795981 a multiple of 31?
False
Is 280 a factor of 27901160?
True
Is 109 a factor of 215843?
False
Does 380 divide 2181754?
False
Does 43 divide 15935?
False
Is 7677727 a multiple of 224?
False
Does 3 divide 9792?
True
Does 3 divide 292857?
True
Is 326180 a multiple of 10?
True
Is 1073600 a multiple of 12?
False
Does 176 divide 34605?
False
Is 5 a factor of 48030?
True
Is 17 a factor of 109512?
False
Does 6 divide 2009442?
True
Does 68 divide 114920?
True
Does 12 divide 18552?
True
Is 36 a factor of 14950?
False
Is 78548 a multiple of 228?
False
Is 1625950 a multiple of 775?
True
Does 2 divide 2695639?
False
Is 417417 a multiple of 21?
True
Is 304601 a multiple of 29?
False
Does 17 divide 4476415?
False
Is 20 a factor of 51320?
True
Is 89918 a multiple of 42?
False
Is 2482848 a multiple of 20?
False
Is 111 a factor of 12876?
True
Is 6109002 a multiple of 29?
False
Is 201162 a multiple of 78?
True
Is 767234 a multiple of 26?
True
Is 23080638 a multiple of 322?
True
Is 255155 a multiple of 180?
False
Is 1688527 a multiple of 64?
False
Is 607552 a multiple of 27?
False
Is 11 a factor of 12383449?
False
Is 5449203 a multiple of 42?
False
Is 58 a factor of 1163770?
True
Does 252 divide 436716?
True
Is 2275 a multiple of 7?
True
Does 13 divide 29582?
False
Is 79 a factor of 375102?
False
Is 122 a factor of 1920036?
True
Is 70400 a multiple of 64?
True
Does 63 divide 126441?
True
Does 9 divide 592112?
False
Is 72982 a multiple of 13?
True
Is 116 a factor of 6264348?
True
Is 935936 a multiple of 512?
True
Does 61 divide 174549?
False
Is 831895 a multiple of 85?
True
Is 31307 a multiple of 4?
False
Is 2411343 a multiple of 353?
True
Does 260 divide 1157552?
False
Is 534977 a multiple of 792?
False
Is 718943 a multiple of 37?
False
Is 5688110 a multiple of 635?
False
Does 180 divide 404993?
False
Is 96338 a multiple of 151?
True
Is 986 a factor of 8152339?
False
Is 277 a factor of 105260?
True
Is 149 a factor of 1874271?
True
Does 489 divide 909718?
False
Is 107 a factor of 168739?
True
Does 26 divide 1431586?
True
Is 1357780 a multiple of 424?
False
Is 362609 a multiple of 13?
True
Is 13 a factor of 6471147?
False
Is 128762 a multiple of 49?
False
Does 511 divide 1738132?
False
Is 61850 a multiple of 50?
True
Is 13854673 a multiple of 959?
True
Is 547 a factor of 15317094?
True
Is 1151 a factor of 4455507?
False
Is 794164 a multiple of 28?
True
Is 140 a factor of 63877?
False
Does 56 divide 730353?
False
Is 2381328 a multiple of 128?
False
Is 42 a factor of 83076?
True
Does 11 divide 928004?
True
Is 170 a factor of 163880?
True
Is 63498 a multiple of 2?
True
Is 196400 a multiple of 24?
False
Is 71928 a multiple of 108?
True
Is 11 a factor of 2070822?
False
Does 18 divide 1762146?
True
Is 736 a factor of 8891037?
False
Does 15 divide 639405?
True
Is 13 a factor of 959969?
False
Is 31 a factor of 57210?
False
Is 407109 a multiple of 4?
False
Does 10 divide 143450?
True
Is 34 a factor of 823174?
True
Is 227052 a multiple of 153?
True
Is 255 a factor of 1191615?
True
Does 7 divide 7560?
True
Is 208324 a multiple of 22?
False
Is 5001769 a multiple of 74?
False
Is 1012084 a multiple of 59?
False
Does 43 divide 333078?
True
Does 225 divide 15193236?
False
Is 229 a factor of 100989?
True
Is 93 a factor of 241521?
True
Does 4 divide 87751?
False
Is 77 a factor of 399322?
True
Is 5251710 a multiple of 25?
False
Is 86 a factor of 3015861?
False
Is 150 a factor of 6815579?
False
Does 17 divide 1511433?
False
Does 63 divide 38619?
True
Does 824 divide 1489792?
True
Does 13 divide 4434640?
False
Is 8622592 a multiple of 22?
True
Is 902 a factor of 59826?
False
Is 161 a factor of 925628?
False
Is 2872464 a multiple of 127?
False
Is 133068 a multiple of 156?
True
Is 15930 a multiple of 354?
True
Does 167 divide 3177451?
False
Does 94 divide 1039828?
True
Is 36 a factor of 10863285?
False
Does 14 divide 2343270?
False
Does 89 divide 1280017?
False
Is 194 a factor of 542618?
True
Is 563239 a multiple of 31?
True
Does 15 divide 6148005?
True
Does 262 divide 304182?
True
Is 2 a factor of 143865?
False
Does 23 divide 56189?
True
Is 172370 a multiple of 110?
True
Is 6 a factor of 426025?
False
Is 63 a factor of 16530348?
Fal